{"id":1246,"date":"2015-05-10T23:15:14","date_gmt":"2015-05-10T20:15:14","guid":{"rendered":"http:\/\/www.kuntsi.net\/viipyy\/?page_id=1246"},"modified":"2016-05-30T11:19:13","modified_gmt":"2016-05-30T08:19:13","slug":"kilometrikisa-2015","status":"publish","type":"page","link":"https:\/\/www.kuntsi.net\/viipyy\/kilometrikisa\/kilometrikisa-2015\/","title":{"rendered":"Kilometrikisa 2015"},"content":{"rendered":"<p>Kisa alkoi\u00a01.5.2015 ja p\u00e4\u00e4ttyi 22.9.2015 =&gt;\u00a0<a href=\"http:\/\/www.kuntsi.net\/viipyy\/kilometrikisa\/rekisteroidu-joukkueeseen\/\">Lue ohjeet<\/a>\u00a0jos haluat mukaan (j\u00e4lleen ensi vuonna)<\/p>\n<p><strong>Kisa etenee<\/strong><\/p>\n<p>01.05.2015 Team Viitasaari joukkueeseen\u00a0ilmottautunut\u00a0<strong>14\u00a0py\u00f6r\u00e4ilij\u00e4\u00e4 &#8211; KISA K\u00c4YNNISS\u00c4!<br \/>\n<\/strong>05.05.2015 Team Viitasaari joukkueeseen\u00a0ilmottautunut\u00a0<strong>24\u00a0py\u00f6r\u00e4ilij\u00e4\u00e4<\/strong><br \/>\n07.05.2015 Team Viitasaari joukkueeseen\u00a0ilmottautunut\u00a0<strong>28\u00a0py\u00f6r\u00e4ilij\u00e4\u00e4<\/strong>\u00a0&#8211; 2000 kilometri\u00e4 kasassa!<br \/>\n08.05.2015 Team Viitasaari joukkueeseen\u00a0ilmottautunut\u00a0<strong>32\u00a0py\u00f6r\u00e4ilij\u00e4\u00e4\u00a0<\/strong>&#8211; 3000 kilometri\u00e4 kasassa!<strong><br \/>\n<\/strong>10.05.2015 Team Viitasaari joukkueeseen\u00a0ilmottautunut\u00a0<strong>33\u00a0py\u00f6r\u00e4ilij\u00e4\u00e4<\/strong>\u00a0&#8211; 4000 kilometri\u00e4 kasassa!<br \/>\n17.05.2015 Team Viitasaari joukkueeseen\u00a0ilmottautunut\u00a0<strong>34 py\u00f6r\u00e4ilij\u00e4\u00e4<\/strong>\u00a0&#8211;\u00a06000 kilometri\u00e4 kasassa!<br \/>\n01.06.2015 Team Viitasaari joukkueeseen ilmottautunut <strong>34 py\u00f6r\u00e4ilij\u00e4\u00e4<\/strong> &#8211; 12 000 kilometri\u00e4 kasassa!<br \/>\n22.07.2015 Team Viitasaari joukkueeseen ilmottautunut <strong>44\u00a0py\u00f6r\u00e4ilij\u00e4\u00e4<\/strong> &#8211; 30 000\u00a0kilometri\u00e4 kasassa!<br \/>\n03.08.2015 Team Viitasaari joukkueeseen\u00a0ilmottautunut\u00a0<strong>45\u00a0py\u00f6r\u00e4ilij\u00e4\u00e4<\/strong>\u00a0&#8211; 34 000\u00a0kilometri\u00e4 kasassa!<br \/>\n09.08.2015 Team Viitasaari joukkueeseen\u00a0ilmottautunut\u00a0<strong>46 py\u00f6r\u00e4ilij\u00e4\u00e4<\/strong>\u00a0&#8211; 40\u00a0000\u00a0kilometri\u00e4 kasassa!<br \/>\n24.08.2015 Team Viitasaari joukkueeseen\u00a0ilmottautunut\u00a0<strong>49 py\u00f6r\u00e4ilij\u00e4\u00e4<\/strong>\u00a0&#8211; 50\u00a0000\u00a0kilometri\u00e4 kasassa!<br \/>\n30.08.2015 Team Viitasaari joukkueeseen\u00a0ilmottautunut\u00a0<strong>49 py\u00f6r\u00e4ilij\u00e4\u00e4<\/strong>\u00a0&#8211; 55 000\u00a0kilometri\u00e4 kasassa!<br \/>\n11.09.2015 Team Viitasaari joukkueeseen\u00a0ilmottautunut\u00a0<strong>50\u00a0py\u00f6r\u00e4ilij\u00e4\u00e4<\/strong>\u00a0&#8211; 60\u00a0000\u00a0kilometri\u00e4 kasassa!<br \/>\n22.09.2015 <span style=\"color: #ff0000;\"><strong>Kisa p\u00e4\u00e4ttynyt!<\/strong><\/span>\u00a0<strong>50\u00a0py\u00f6r\u00e4ilij\u00e4\u00e4 <\/strong>polki Viipyyn pottiin enn\u00e4tykselliset<strong> 68 593,3<\/strong>\u00a0kilometri\u00e4!!<\/p>\n<p>Team Viitasaari joukkueen aikaansaannokset kisaviikoittain,\u00a0joka sunnuntai hieman ennen puolta y\u00f6t\u00e4 p\u00e4ivitettyn\u00e4.<\/p>\n<p>1) Mukaan tuli yksi yli 2000 km ajanut uusi py\u00f6r\u00e4ilij\u00e4 jonka kilometrit jaettiin viikkom\u00e4\u00e4r\u00e4ll\u00e4 ja lis\u00e4ttiin viikkosaldoon<\/p>\n<table border=\"0\" width=\"681\" cellspacing=\"0\" cellpadding=\"0\">\n<colgroup>\n<col width=\"64\" \/>\n<col width=\"69\" \/>\n<col width=\"75\" \/>\n<col width=\"112\" \/>\n<col width=\"88\" \/>\n<col width=\"77\" \/>\n<col width=\"64\" \/>\n<col width=\"68\" \/>\n<col width=\"64\" \/><\/colgroup>\n<tbody>\n<tr>\n<td width=\"64\" height=\"20\"><\/td>\n<td style=\"text-align: center;\" width=\"69\">kisaviikko<\/td>\n<td style=\"text-align: center;\" width=\"75\">sijoitus ka<\/td>\n<td style=\"text-align: center;\" width=\"112\">sijoitus km yht<\/td>\n<td style=\"text-align: center;\" width=\"88\">py\u00f6r\u00e4ilij\u00f6it\u00e4<\/td>\n<td style=\"text-align: center;\" width=\"77\">merkkaajat<\/td>\n<td style=\"text-align: center;\" width=\"64\">km<\/td>\n<td style=\"text-align: center;\" width=\"68\">km viikko<\/td>\n<td style=\"text-align: center;\" width=\"64\">km ka<\/td>\n<\/tr>\n<tr>\n<td style=\"text-align: center;\" height=\"20\">3.5.<\/td>\n<td style=\"text-align: center;\">1<\/td>\n<td style=\"text-align: center;\">64\/1165<\/td>\n<td style=\"text-align: center;\">6\/1165<\/td>\n<td style=\"text-align: center;\">18<\/td>\n<td style=\"text-align: center;\">17\/18<\/td>\n<td style=\"text-align: center;\">1026,6<\/td>\n<td style=\"text-align: center;\">1026,6<\/td>\n<td style=\"text-align: center;\">60,4<\/td>\n<\/tr>\n<tr>\n<td style=\"text-align: center;\" height=\"20\">10.5.<\/td>\n<td style=\"text-align: center;\">2<\/td>\n<td style=\"text-align: center;\">2\/59<\/td>\n<td style=\"text-align: center;\">19\/59<\/td>\n<td style=\"text-align: center;\">33<\/td>\n<td style=\"text-align: center;\">32\/33<\/td>\n<td style=\"text-align: center;\">4237,1<\/td>\n<td style=\"text-align: center;\">3210,5<\/td>\n<td style=\"text-align: center;\">132,4<\/td>\n<\/tr>\n<tr>\n<td style=\"text-align: center;\" height=\"20\">17.5.<\/td>\n<td style=\"text-align: center;\">3<\/td>\n<td style=\"text-align: center;\">2\/96<\/td>\n<td style=\"text-align: center;\">24\/96<\/td>\n<td style=\"text-align: center;\">34<\/td>\n<td style=\"text-align: center;\">33\/34<\/td>\n<td style=\"text-align: center;\">6512,4<\/td>\n<td style=\"text-align: center;\">2275,3<\/td>\n<td style=\"text-align: center;\">197,4<\/td>\n<\/tr>\n<tr>\n<td style=\"text-align: center;\" height=\"20\">&#8212;<\/td>\n<td style=\"text-align: center;\">&#8212;<\/td>\n<td style=\"text-align: center;\">&#8212;<\/td>\n<td style=\"text-align: center;\">&#8212;<\/td>\n<td style=\"text-align: center;\">&#8212;<\/td>\n<td style=\"text-align: center;\">&#8212;<\/td>\n<td style=\"text-align: center;\">&#8212;<\/td>\n<td style=\"text-align: center;\">&#8212;<\/td>\n<td style=\"text-align: center;\">&#8212;<\/td>\n<\/tr>\n<tr>\n<td style=\"text-align: center;\" height=\"20\">2.8.<\/td>\n<td style=\"text-align: center;\">14<\/td>\n<td style=\"text-align: center;\">32\/191<\/td>\n<td style=\"text-align: center;\">42\/191<\/td>\n<td style=\"text-align: center;\">45<\/td>\n<td style=\"text-align: center;\">44\/45<\/td>\n<td style=\"text-align: center;\">34 916,3<\/td>\n<td style=\"text-align: center;\">3439,3<\/td>\n<td style=\"text-align: center;\">793,6<\/td>\n<\/tr>\n<tr>\n<td style=\"text-align: center;\" height=\"20\">9.8.<\/td>\n<td style=\"text-align: center;\">15<\/td>\n<td style=\"text-align: center;\">26\/192<\/td>\n<td style=\"text-align: center;\">36\/192<\/td>\n<td style=\"text-align: center;\">46<\/td>\n<td style=\"text-align: center;\">45\/46<\/td>\n<td style=\"text-align: center;\">40 327,2<\/td>\n<td style=\"text-align: center;\">3338,9 <sup>1)<\/sup><\/td>\n<td style=\"text-align: center;\">896,2<\/td>\n<\/tr>\n<tr>\n<td style=\"text-align: center;\" height=\"20\">16.8.<\/td>\n<td style=\"text-align: center;\">16<\/td>\n<td style=\"text-align: center;\">29\/198<\/td>\n<td style=\"text-align: center;\">35\/198<\/td>\n<td style=\"text-align: center;\">47<\/td>\n<td style=\"text-align: center;\">46\/47<\/td>\n<td style=\"text-align: center;\">44 377,6<\/td>\n<td style=\"text-align: center;\">4050,4<\/td>\n<td style=\"text-align: center;\">964,7<\/td>\n<\/tr>\n<tr>\n<td style=\"text-align: center;\" height=\"20\">23.8.<\/td>\n<td style=\"text-align: center;\">17<\/td>\n<td style=\"text-align: center;\">27\/199<\/td>\n<td style=\"text-align: center;\">34\/199<\/td>\n<td style=\"text-align: center;\">49<\/td>\n<td style=\"text-align: center;\">48\/49<\/td>\n<td style=\"text-align: center;\">50 167,1<\/td>\n<td style=\"text-align: center;\">5789,5<\/td>\n<td style=\"text-align: center;\">1 045,2<\/td>\n<\/tr>\n<tr>\n<td style=\"text-align: center;\" height=\"20\">30.8.<\/td>\n<td style=\"text-align: center;\">18<\/td>\n<td style=\"text-align: center;\">23\/202<\/td>\n<td style=\"text-align: center;\">31\/202<\/td>\n<td style=\"text-align: center;\">49<\/td>\n<td style=\"text-align: center;\">48\/49<\/td>\n<td style=\"text-align: center;\">55 282,7<\/td>\n<td style=\"text-align: center;\">5115,6<\/td>\n<td style=\"text-align: center;\">1 151,7<\/td>\n<\/tr>\n<tr>\n<td style=\"text-align: center;\" height=\"20\">6.9.<\/td>\n<td style=\"text-align: center;\">19<\/td>\n<td style=\"text-align: center;\">23\/203<\/td>\n<td style=\"text-align: center;\">31\/203<\/td>\n<td style=\"text-align: center;\">49<\/td>\n<td style=\"text-align: center;\">48\/49<\/td>\n<td style=\"text-align: center;\">58 151,5<\/td>\n<td style=\"text-align: center;\">2868,8<\/td>\n<td style=\"text-align: center;\">1 211,5<\/td>\n<\/tr>\n<tr>\n<td style=\"text-align: center;\" height=\"20\">13.9.<\/td>\n<td style=\"text-align: center;\">20<\/td>\n<td style=\"text-align: center;\">22\/207<\/td>\n<td style=\"text-align: center;\">33\/207<\/td>\n<td style=\"text-align: center;\">50<\/td>\n<td style=\"text-align: center;\">48\/50<\/td>\n<td style=\"text-align: center;\">61 472,6<\/td>\n<td style=\"text-align: center;\">3321,1<\/td>\n<td style=\"text-align: center;\">1 280,7<\/td>\n<\/tr>\n<tr>\n<td style=\"text-align: center;\" height=\"20\">20.9.<\/td>\n<td style=\"text-align: center;\">21<\/td>\n<td style=\"text-align: center;\">24\/212<\/td>\n<td style=\"text-align: center;\">34\/212<\/td>\n<td style=\"text-align: center;\">50<\/td>\n<td style=\"text-align: center;\">48\/50<\/td>\n<td style=\"text-align: center;\">64 470,7<\/td>\n<td style=\"text-align: center;\">2998,1<\/td>\n<td style=\"text-align: center;\">1 343,1<\/td>\n<\/tr>\n<tr>\n<td style=\"text-align: center;\" height=\"20\">22.9.<\/td>\n<td style=\"text-align: center;\">22<\/td>\n<td style=\"text-align: center;\">26\/212<\/td>\n<td style=\"text-align: center;\">34\/212<\/td>\n<td style=\"text-align: center;\">50<\/td>\n<td style=\"text-align: center;\">50\/50<\/td>\n<td style=\"text-align: center;\">68 593,3<\/td>\n<td style=\"text-align: center;\">4122,6<\/td>\n<td style=\"text-align: center;\">1 371,9<\/td>\n<\/tr>\n<\/tbody>\n<\/table>\n","protected":false},"excerpt":{"rendered":"<p>Kisa alkoi\u00a01.5.2015 ja p\u00e4\u00e4ttyi 22.9.2015 =&gt;\u00a0Lue ohjeet\u00a0jos haluat mukaan (j\u00e4lleen ensi vuonna) Kisa etenee 01.05.2015 Team Viitasaari joukkueeseen\u00a0ilmottautunut\u00a014\u00a0py\u00f6r\u00e4ilij\u00e4\u00e4 &#8211; KISA K\u00c4YNNISS\u00c4! 05.05.2015 Team Viitasaari joukkueeseen\u00a0ilmottautunut\u00a024\u00a0py\u00f6r\u00e4ilij\u00e4\u00e4 07.05.2015 Team Viitasaari joukkueeseen\u00a0ilmottautunut\u00a028\u00a0py\u00f6r\u00e4ilij\u00e4\u00e4\u00a0&#8211; 2000 kilometri\u00e4 kasassa! 08.05.2015 Team Viitasaari joukkueeseen\u00a0ilmottautunut\u00a032\u00a0py\u00f6r\u00e4ilij\u00e4\u00e4\u00a0&#8211; 3000 kilometri\u00e4 kasassa! 10.05.2015 &hellip; <a href=\"https:\/\/www.kuntsi.net\/viipyy\/kilometrikisa\/kilometrikisa-2015\/\">Lue loppuun <span class=\"meta-nav\">&rarr;<\/span><\/a><\/p>\n","protected":false},"author":1,"featured_media":0,"parent":971,"menu_order":9,"comment_status":"open","ping_status":"open","template":"","meta":{"footnotes":""},"class_list":["post-1246","page","type-page","status-publish","hentry"],"_links":{"self":[{"href":"https:\/\/www.kuntsi.net\/viipyy\/wp-json\/wp\/v2\/pages\/1246","targetHints":{"allow":["GET"]}}],"collection":[{"href":"https:\/\/www.kuntsi.net\/viipyy\/wp-json\/wp\/v2\/pages"}],"about":[{"href":"https:\/\/www.kuntsi.net\/viipyy\/wp-json\/wp\/v2\/types\/page"}],"author":[{"embeddable":true,"href":"https:\/\/www.kuntsi.net\/viipyy\/wp-json\/wp\/v2\/users\/1"}],"replies":[{"embeddable":true,"href":"https:\/\/www.kuntsi.net\/viipyy\/wp-json\/wp\/v2\/comments?post=1246"}],"version-history":[{"count":24,"href":"https:\/\/www.kuntsi.net\/viipyy\/wp-json\/wp\/v2\/pages\/1246\/revisions"}],"predecessor-version":[{"id":16086,"href":"https:\/\/www.kuntsi.net\/viipyy\/wp-json\/wp\/v2\/pages\/1246\/revisions\/16086"}],"up":[{"embeddable":true,"href":"https:\/\/www.kuntsi.net\/viipyy\/wp-json\/wp\/v2\/pages\/971"}],"wp:attachment":[{"href":"https:\/\/www.kuntsi.net\/viipyy\/wp-json\/wp\/v2\/media?parent=1246"}],"curies":[{"name":"wp","href":"https:\/\/api.w.org\/{rel}","templated":true}]}}