{"id":16078,"date":"2016-05-15T23:25:23","date_gmt":"2016-05-15T20:25:23","guid":{"rendered":"http:\/\/www.kuntsi.net\/viipyy\/?page_id=16078"},"modified":"2022-11-30T10:00:34","modified_gmt":"2022-11-30T08:00:34","slug":"kilometrikisa-2016","status":"publish","type":"page","link":"https:\/\/www.kuntsi.net\/viipyy\/kilometrikisa\/kilometrikisa-2016\/","title":{"rendered":"Kilometrikisa 2016"},"content":{"rendered":"<p>Kisa alkoi&nbsp;1.5.2016 =&gt;&nbsp;<a href=\"http:\/\/www.kuntsi.net\/viipyy\/kilometrikisa\/rekisteroidu-joukkueeseen\/\">Lue ohjeet<\/a>&nbsp;jos haluat mukaan<\/p>\n<p><strong>Kisa etenee<\/strong><\/p>\n<p>Joukkueen kilometrim\u00e4\u00e4r\u00e4<br \/>\nSSJ = Suursarjan sijoitus \/ joukkuem\u00e4\u00e4r\u00e4 sarjassa<\/p>\n<p>16.03.2016 Team Viitasaari joukkueeseen&nbsp;ilmottautunut <strong>9&nbsp;py\u00f6r\u00e4ilij\u00e4\u00e4<br \/>\n<\/strong>20.03.2016 Team Viitasaari joukkueeseen&nbsp;ilmottautunut <strong>11&nbsp;py\u00f6r\u00e4ilij\u00e4\u00e4<\/strong><br \/>\n18.04.2016 Team Viitasaari joukkueeseen&nbsp;ilmottautunut&nbsp;<strong>17 py\u00f6r\u00e4ilij\u00e4\u00e4<\/strong><br \/>\n24.04.2016 Team Viitasaari joukkueeseen&nbsp;ilmottautunut <strong>33&nbsp;py\u00f6r\u00e4ilij\u00e4\u00e4<\/strong><strong><br \/>\n<\/strong>29.04.2016 Team Viitasaari joukkueeseen&nbsp;ilmottautunut&nbsp;<strong>40&nbsp;py\u00f6r\u00e4ilij\u00e4\u00e4<\/strong><br \/>\n02.05.2016 Team Viitasaari joukkueeseen&nbsp;ilmottautunut <strong>50&nbsp;py\u00f6r\u00e4ilij\u00e4\u00e4<br \/>\n<\/strong>13.05.2016 Team Viitasaari joukkueeseen&nbsp;ilmottautunut<strong>&nbsp;57<strong>&nbsp;py\u00f6r\u00e4ilij\u00e4\u00e4 <\/strong><\/strong>&#8211; 10 000&nbsp;km<strong><strong><br \/>\n<\/strong><\/strong>15.05.2016 Team Viitasaari joukkueeseen&nbsp;ilmottautunut&nbsp;<strong>60&nbsp;py\u00f6r\u00e4ilij\u00e4\u00e4<strong><strong> &#8211;&nbsp;<\/strong><\/strong><\/strong>SSJ 7\/13<strong><strong><strong><br \/>\n<\/strong><\/strong><\/strong>28.05.2016 Team Viitasaari joukkueeseen&nbsp;ilmottautunut<strong>&nbsp;61&nbsp;py\u00f6r\u00e4ilij\u00e4\u00e4<strong><strong><strong> &#8211; <\/strong><\/strong><\/strong><\/strong>20 000 km \/ SSJ&nbsp;8\/203<br \/>\n13.06.2016 Team Viitasaari joukkueeseen&nbsp;ilmottautunut<strong>&nbsp;65 py\u00f6r\u00e4ilij\u00e4\u00e4 <\/strong>&#8211; 30&nbsp;000 km<br \/>\n20.07.2016 Team Viitasaari joukkueeseen&nbsp;ilmottautunut<strong>&nbsp;xx py\u00f6r\u00e4ilij\u00e4\u00e4 <\/strong>&#8211; 50 000 km<br \/>\n17.08.2016 Team Viitasaari joukkueeseen&nbsp;ilmottautunut<strong>&nbsp;xx py\u00f6r\u00e4ilij\u00e4\u00e4 <\/strong>&#8211; 60 000 km<br \/>\n06.09.2016 Team Viitasaari joukkueeseen&nbsp;ilmottautunut<strong>&nbsp;71&nbsp;py\u00f6r\u00e4ilij\u00e4\u00e4 <\/strong>&#8211; 70&nbsp;000 km<br \/>\n23.09.2016 Team Viitasaari joukkueeseen&nbsp;ilmottautunut<strong>&nbsp;71 py\u00f6r\u00e4ilij\u00e4\u00e4 <\/strong>&#8211; 80 000 km<br \/>\n26.09.2016&nbsp;<strong><span style=\"color: #ff0000;\">Kisa p\u00e4\u00e4ttynyt!<\/span>&nbsp;71 py\u00f6r\u00e4ilij\u00e4\u00e4 <\/strong>polki uudeksi Viipyyn enn\u00e4tykseksi&nbsp;<strong>84 128,4 km<\/strong><\/p>\n","protected":false},"excerpt":{"rendered":"<p>Kisa alkoi&nbsp;1.5.2016 =&gt;&nbsp;Lue ohjeet&nbsp;jos haluat mukaan Kisa etenee Joukkueen kilometrim\u00e4\u00e4r\u00e4 SSJ = Suursarjan sijoitus \/ joukkuem\u00e4\u00e4r\u00e4 sarjassa 16.03.2016 Team Viitasaari joukkueeseen&nbsp;ilmottautunut 9&nbsp;py\u00f6r\u00e4ilij\u00e4\u00e4 20.03.2016 Team Viitasaari joukkueeseen&nbsp;ilmottautunut 11&nbsp;py\u00f6r\u00e4ilij\u00e4\u00e4 18.04.2016 Team Viitasaari joukkueeseen&nbsp;ilmottautunut&nbsp;17 py\u00f6r\u00e4ilij\u00e4\u00e4 24.04.2016 Team Viitasaari joukkueeseen&nbsp;ilmottautunut 33&nbsp;py\u00f6r\u00e4ilij\u00e4\u00e4 29.04.2016 Team Viitasaari &hellip; <a href=\"https:\/\/www.kuntsi.net\/viipyy\/kilometrikisa\/kilometrikisa-2016\/\">Lue loppuun <span class=\"meta-nav\">&rarr;<\/span><\/a><\/p>\n","protected":false},"author":1,"featured_media":0,"parent":971,"menu_order":99,"comment_status":"closed","ping_status":"closed","template":"","meta":{"footnotes":""},"class_list":["post-16078","page","type-page","status-publish","hentry"],"_links":{"self":[{"href":"https:\/\/www.kuntsi.net\/viipyy\/wp-json\/wp\/v2\/pages\/16078","targetHints":{"allow":["GET"]}}],"collection":[{"href":"https:\/\/www.kuntsi.net\/viipyy\/wp-json\/wp\/v2\/pages"}],"about":[{"href":"https:\/\/www.kuntsi.net\/viipyy\/wp-json\/wp\/v2\/types\/page"}],"author":[{"embeddable":true,"href":"https:\/\/www.kuntsi.net\/viipyy\/wp-json\/wp\/v2\/users\/1"}],"replies":[{"embeddable":true,"href":"https:\/\/www.kuntsi.net\/viipyy\/wp-json\/wp\/v2\/comments?post=16078"}],"version-history":[{"count":7,"href":"https:\/\/www.kuntsi.net\/viipyy\/wp-json\/wp\/v2\/pages\/16078\/revisions"}],"predecessor-version":[{"id":16537,"href":"https:\/\/www.kuntsi.net\/viipyy\/wp-json\/wp\/v2\/pages\/16078\/revisions\/16537"}],"up":[{"embeddable":true,"href":"https:\/\/www.kuntsi.net\/viipyy\/wp-json\/wp\/v2\/pages\/971"}],"wp:attachment":[{"href":"https:\/\/www.kuntsi.net\/viipyy\/wp-json\/wp\/v2\/media?parent=16078"}],"curies":[{"name":"wp","href":"https:\/\/api.w.org\/{rel}","templated":true}]}}