{"id":16096,"date":"2016-06-22T06:43:06","date_gmt":"2016-06-22T03:43:06","guid":{"rendered":"http:\/\/www.kuntsi.net\/viipyy\/?page_id=16096"},"modified":"2022-12-07T08:59:01","modified_gmt":"2022-12-07T06:59:01","slug":"reitit","status":"publish","type":"page","link":"https:\/\/www.kuntsi.net\/viipyy\/reitit\/","title":{"rendered":"Reitit"},"content":{"rendered":"<p><img loading=\"lazy\" decoding=\"async\" class=\"alignright size-thumbnail wp-image-16099\" src=\"http:\/\/www.kuntsi.net\/viipyy\/wp-content\/uploads\/2016\/06\/kartoitus-150x150.jpg\" alt=\"kartoitus\" width=\"150\" height=\"150\">Kev\u00e4\u00e4ll\u00e4 2016 tuli <a href=\"http:\/\/www.witas.fi\/\">Witaksen<\/a>&nbsp;suunnalta toivetta py\u00f6r\u00e4ilykartan suunnittelusta. Viipyyl\u00e4iset ottivat tilanteen haltuun ja tarkistivat saadun karttapohjan l\u00e4pi ja suunnittelivat siihen useita hyv\u00e4ksi havaittuja py\u00f6r\u00e4reittej\u00e4 niin asfaltille kuin soralle. Jo t\u00e4t\u00e4 ennen oli tehty pient\u00e4 kartoitusty\u00f6t\u00e4 kirkonkyl\u00e4n maastopy\u00f6r\u00e4reittien suhteen.<\/p>\n<p>Talvella 2017 reiti\u00f6st\u00e4 alettiin siirt\u00e4m\u00e4n <a href=\"http:\/\/jalki.fi\/paikkakunnat\/Viitasaari\">J\u00e4lki.fi<\/a> palveluun josta ne on mm. ladattavissa gpx-muodossa omiin laitteisiin.<\/p>\n<p>T\u00e4ll\u00e4 hetkell\u00e4 J\u00e4lki.fi palvelussa on 18 reitti\u00e4 (<span style=\"color: #ff0000;\"><em>p\u00e4ivitetty 21.1.2017<\/em><\/span>) ja lis\u00e4\u00e4 ollaan kartoittamassa.<\/p>\n<p>Reittisuunnittelun l\u00e4ht\u00f6kohdat:<\/p>\n<ul>\n<li>Reitit on pyritty suunnittelemaan niin ett\u00e4 olisivan mahdollisimman pitk\u00e4lle ns. ympyr\u00e4lenkkej\u00e4 jolloin olisi mahdollisimman v\u00e4h\u00e4n samojen j\u00e4lkien ajelua. Keitele-j\u00e4rvi halkaisee kirkonkyl\u00e4n niin ett\u00e4 miltei joka reitiss\u00e4 on ajeltava joko pohjoiseen tai etel\u00e4\u00e4n Nelostien vartta<\/li>\n<li>Kirkonkyl\u00e4lt\u00e4 l\u00e4htevien reittien alkupiste on torilla.<\/li>\n<li>Reitin nimi toimii linkkij\u00e4 J\u00e4lki.fi palveluun jossa n\u00e4kyy reitti kartalla ja tarkempi reittikuvaus.<\/li>\n<\/ul>\n<p><strong>Maantie <\/strong>(asfaltti)<\/p>\n<table border=\"0\" width=\"649\" frame=\"VOID\" rules=\"NONE\" cellspacing=\"0\">\n<colgroup>\n<col width=\"66\">\n<col width=\"323\">\n<col width=\"150\">\n<col width=\"88\"><\/colgroup>\n<tbody>\n<tr>\n<td align=\"LEFT\" width=\"66\" height=\"10\"><strong>pituus<\/strong><\/td>\n<td align=\"LEFT\" width=\"323\"><strong>nimi<\/strong><\/td>\n<td align=\"LEFT\" width=\"150\"><strong>l\u00e4ht\u00f6paikkaehdotus<\/strong><\/td>\n<td align=\"LEFT\" width=\"88\"><strong>huomioitavaa<\/strong><\/td>\n<\/tr>\n<tr>\n<td align=\"LEFT\" height=\"10\">24 km<\/td>\n<td align=\"LEFT\"><a href=\"http:\/\/www.jalki.fi\/reitit\/soliskylan-lenkki\">Soliskyl\u00e4n lenkki<\/a><\/td>\n<td align=\"LEFT\">Tori<\/td>\n<td align=\"LEFT\"><\/td>\n<\/tr>\n<tr>\n<td align=\"LEFT\" height=\"10\">69 km<\/td>\n<td align=\"LEFT\"><a href=\"http:\/\/jalki.fi\/reitit\/kamarin-lenkki\">K\u00e4m\u00e4rin lenkki<\/a><\/td>\n<td align=\"LEFT\">Tori<\/td>\n<td align=\"LEFT\"><\/td>\n<\/tr>\n<tr>\n<td align=\"LEFT\" height=\"10\">109 km<\/td>\n<td align=\"LEFT\"><a href=\"http:\/\/www.jalki.fi\/reitit\/mustalaistien-lenkki\">Mustalaistien lenkki<\/a><\/td>\n<td align=\"LEFT\">Tori<\/td>\n<td align=\"LEFT\"><\/td>\n<\/tr>\n<tr>\n<td align=\"LEFT\" height=\"10\">130 km<\/td>\n<td align=\"LEFT\"><a href=\"http:\/\/www.jalki.fi\/reitit\/savonkierros-vesanto-keitele\">Savonkierros Vesanto &#8211; Keitele<\/a><\/td>\n<td align=\"LEFT\">Tori<\/td>\n<td align=\"LEFT\"><\/td>\n<\/tr>\n<tr>\n<td align=\"LEFT\" height=\"10\">137 km<\/td>\n<td align=\"LEFT\"><a href=\"http:\/\/www.jalki.fi\/reitit\/kivijarvi-saarenkyla-lenkki\">Kivij\u00e4rvi &#8211; Saarenkyl\u00e4 -lenkki<\/a><\/td>\n<td align=\"LEFT\">Tori<\/td>\n<td align=\"LEFT\"><\/td>\n<\/tr>\n<\/tbody>\n<\/table>\n<p>&nbsp;<\/p>\n<p><strong>Maasto<\/strong><\/p>\n<table border=\"0\" width=\"649\" frame=\"VOID\" rules=\"NONE\" cellspacing=\"0\">\n<colgroup>\n<col width=\"66\">\n<col width=\"323\">\n<col width=\"150\">\n<col width=\"88\"><\/colgroup>\n<tbody>\n<tr>\n<td align=\"LEFT\" width=\"66\" height=\"10\"><strong>pituus<\/strong><\/td>\n<td align=\"LEFT\" width=\"323\"><strong>nimi<\/strong><\/td>\n<td align=\"LEFT\" width=\"150\"><strong>l\u00e4ht\u00f6paikkaehdotus<\/strong><\/td>\n<td align=\"LEFT\" width=\"88\"><strong>huomioitavaa<\/strong><\/td>\n<\/tr>\n<tr>\n<td align=\"LEFT\" height=\"10\">4 km<\/td>\n<td align=\"LEFT\"><a href=\"http:\/\/www.jalki.fi\/reitit\/savivuori-mtb-osa-1\">Savivuori MTB &#8211; osa 1<\/a><\/td>\n<td align=\"LEFT\">Savivuori<\/td>\n<td align=\"LEFT\"><\/td>\n<\/tr>\n<tr>\n<td align=\"LEFT\" height=\"10\">29 km<\/td>\n<td align=\"LEFT\"><a href=\"http:\/\/www.jalki.fi\/reitit\/tour-de-viitasaari\">Tour de Viitasaari<\/a><\/td>\n<td align=\"LEFT\">Tori<\/td>\n<td align=\"LEFT\"><\/td>\n<\/tr>\n<\/tbody>\n<\/table>\n<p>&nbsp;<\/p>\n<p><strong>Cyclocross<\/strong> (soratiereitit)<\/p>\n<table style=\"height: 338px;\" border=\"0\" width=\"649\" frame=\"VOID\" rules=\"NONE\" cellspacing=\"0\">\n<colgroup>\n<col width=\"66\">\n<col width=\"323\">\n<col width=\"150\">\n<col width=\"88\"><\/colgroup>\n<tbody>\n<tr>\n<td align=\"LEFT\" width=\"66\" height=\"10\"><strong>pituus<\/strong><\/td>\n<td align=\"LEFT\" width=\"323\"><strong>nimi<\/strong><\/td>\n<td align=\"LEFT\" width=\"150\"><strong>l\u00e4ht\u00f6paikkaehdotus<\/strong><\/td>\n<td align=\"LEFT\" width=\"88\"><strong>huomioitavaa<\/strong><\/td>\n<\/tr>\n<tr>\n<td align=\"LEFT\" height=\"10\">17 km<\/td>\n<td align=\"LEFT\"><a href=\"http:\/\/www.jalki.fi\/reitit\/tour-de-jaatiet-viitasari\">Tour de J\u00e4\u00e4tiet \u2013 Viitasaari<\/a><\/td>\n<td align=\"LEFT\">Viitasaaren ABC<\/td>\n<td align=\"LEFT\">vain talvella<\/td>\n<\/tr>\n<tr>\n<td align=\"LEFT\" height=\"10\">18 km<\/td>\n<td align=\"LEFT\"><a href=\"http:\/\/www.jalki.fi\/reitit\/kirkonkylan-kierros\">Kirkonkyl\u00e4n kierros<\/a><\/td>\n<td align=\"LEFT\">Tori<\/td>\n<td align=\"LEFT\"><\/td>\n<\/tr>\n<tr>\n<td align=\"LEFT\" height=\"10\">35 km<\/td>\n<td align=\"LEFT\"><a href=\"http:\/\/www.jalki.fi\/reitit\/muurueen-kierto\">Muurueen kierto<\/a><\/td>\n<td align=\"LEFT\">Huopana \/ Huopanankoski<\/td>\n<td align=\"LEFT\"><\/td>\n<\/tr>\n<tr>\n<td align=\"LEFT\" height=\"10\">40 km<\/td>\n<td align=\"LEFT\"><a href=\"http:\/\/www.jalki.fi\/reitit\/pyydysmaki-ilmolahti-soratieseikkailu\">Pyydysm\u00e4ki &#8211; Ilmolahti soratieseikkailu<\/a><\/td>\n<td align=\"LEFT\">Tori<\/td>\n<td align=\"LEFT\"><\/td>\n<\/tr>\n<tr>\n<td align=\"LEFT\" height=\"10\">43 km<\/td>\n<td align=\"LEFT\"><a href=\"http:\/\/www.jalki.fi\/reitit\/kellankosken-lenkki\">Kellankosken lenkki<\/a><\/td>\n<td align=\"LEFT\">Tori<\/td>\n<td align=\"LEFT\"><\/td>\n<\/tr>\n<tr>\n<td align=\"LEFT\" height=\"17\">51 km<\/td>\n<td align=\"LEFT\"><a href=\"http:\/\/www.jalki.fi\/reitit\/lannentien-klassikko-ja-pyydysmaen-metsatiet\">L\u00e4nnentien klassikko ja Pyydysm\u00e4en mets\u00e4tiet<\/a><\/td>\n<td align=\"LEFT\">Tori<\/td>\n<td align=\"LEFT\"><\/td>\n<\/tr>\n<tr>\n<td align=\"LEFT\" height=\"17\">53 km<\/td>\n<td align=\"LEFT\"><a href=\"http:\/\/www.jalki.fi\/reitit\/viitakangas-pasala-kymonkoski\">Viitakangas &#8211; Pasala &#8211; Kym\u00f6nkoski<\/a><\/td>\n<td align=\"LEFT\">Tori<\/td>\n<td align=\"LEFT\"><\/td>\n<\/tr>\n<tr>\n<td align=\"LEFT\" height=\"10\">57 km<\/td>\n<td align=\"LEFT\"><a href=\"http:\/\/www.jalki.fi\/reitit\/kymonkoski-toulat-karna\">Kym\u00f6nkoski &#8211; Toulat &#8211; K\u00e4rn\u00e4<\/a><\/td>\n<td align=\"LEFT\">Tori<\/td>\n<td align=\"LEFT\"><\/td>\n<\/tr>\n<tr>\n<td align=\"LEFT\" height=\"10\">62 km<\/td>\n<td align=\"LEFT\"><a href=\"http:\/\/www.jalki.fi\/reitit\/yla-keiteleen-kierros\">Yl\u00e4-Keiteleen kierros<\/a><\/td>\n<td align=\"LEFT\">Tori<\/td>\n<td align=\"LEFT\"><\/td>\n<\/tr>\n<tr>\n<td align=\"LEFT\" height=\"10\">65 km<\/td>\n<td align=\"LEFT\"><a href=\"http:\/\/www.jalki.fi\/reitit\/viitakangas-loytana-keitelepohja\">Viitakangas &#8211; L\u00f6yt\u00e4n\u00e4 &#8211; Keitelepohja<\/a><\/td>\n<td align=\"LEFT\">Tori<\/td>\n<td align=\"LEFT\"><\/td>\n<\/tr>\n<tr>\n<td align=\"LEFT\" height=\"10\">82 km<\/td>\n<td align=\"LEFT\"><a href=\"http:\/\/www.jalki.fi\/reitit\/suovanlahti-mantyla\">Suovanlahti &#8211; M\u00e4ntyl\u00e4<\/a><\/td>\n<td align=\"LEFT\">Tori<\/td>\n<td align=\"LEFT\"><\/td>\n<\/tr>\n<\/tbody>\n<\/table>\n<p>&nbsp;<\/p>\n<p>&nbsp;<\/p>\n<p><a href=\"http:\/\/jalki.fi\/paikkakunnat\/Viitasaari\"><img loading=\"lazy\" decoding=\"async\" class=\"aligncenter wp-image-16155 size-full\" src=\"http:\/\/www.kuntsi.net\/viipyy\/wp-content\/uploads\/2016\/06\/jalki_VTS.png\" width=\"435\" height=\"75\" srcset=\"https:\/\/www.kuntsi.net\/viipyy\/wp-content\/uploads\/2016\/06\/jalki_VTS.png 435w, https:\/\/www.kuntsi.net\/viipyy\/wp-content\/uploads\/2016\/06\/jalki_VTS-300x52.png 300w\" sizes=\"auto, (max-width: 435px) 100vw, 435px\" \/><\/a><\/p>\n<p>&nbsp;<\/p>\n<p>&nbsp;<\/p>\n","protected":false},"excerpt":{"rendered":"<p>Kev\u00e4\u00e4ll\u00e4 2016 tuli Witaksen&nbsp;suunnalta toivetta py\u00f6r\u00e4ilykartan suunnittelusta. Viipyyl\u00e4iset ottivat tilanteen haltuun ja tarkistivat saadun karttapohjan l\u00e4pi ja suunnittelivat siihen useita hyv\u00e4ksi havaittuja py\u00f6r\u00e4reittej\u00e4 niin asfaltille kuin soralle. Jo t\u00e4t\u00e4 ennen oli tehty pient\u00e4 kartoitusty\u00f6t\u00e4 kirkonkyl\u00e4n maastopy\u00f6r\u00e4reittien suhteen. Talvella 2017 reiti\u00f6st\u00e4 &hellip; <a href=\"https:\/\/www.kuntsi.net\/viipyy\/reitit\/\">Lue loppuun <span class=\"meta-nav\">&rarr;<\/span><\/a><\/p>\n","protected":false},"author":1,"featured_media":0,"parent":0,"menu_order":0,"comment_status":"closed","ping_status":"closed","template":"onecolumn-page.php","meta":{"footnotes":""},"class_list":["post-16096","page","type-page","status-publish","hentry"],"_links":{"self":[{"href":"https:\/\/www.kuntsi.net\/viipyy\/wp-json\/wp\/v2\/pages\/16096","targetHints":{"allow":["GET"]}}],"collection":[{"href":"https:\/\/www.kuntsi.net\/viipyy\/wp-json\/wp\/v2\/pages"}],"about":[{"href":"https:\/\/www.kuntsi.net\/viipyy\/wp-json\/wp\/v2\/types\/page"}],"author":[{"embeddable":true,"href":"https:\/\/www.kuntsi.net\/viipyy\/wp-json\/wp\/v2\/users\/1"}],"replies":[{"embeddable":true,"href":"https:\/\/www.kuntsi.net\/viipyy\/wp-json\/wp\/v2\/comments?post=16096"}],"version-history":[{"count":29,"href":"https:\/\/www.kuntsi.net\/viipyy\/wp-json\/wp\/v2\/pages\/16096\/revisions"}],"predecessor-version":[{"id":16542,"href":"https:\/\/www.kuntsi.net\/viipyy\/wp-json\/wp\/v2\/pages\/16096\/revisions\/16542"}],"wp:attachment":[{"href":"https:\/\/www.kuntsi.net\/viipyy\/wp-json\/wp\/v2\/media?parent=16096"}],"curies":[{"name":"wp","href":"https:\/\/api.w.org\/{rel}","templated":true}]}}